*u + 22. Give z(-18).
-14
Let u(q) = -65*q**2 - 7*q + 7. Determine u(1).
-65
Let o(u) = 19*u**3 + 2*u - 1. Give o(1).
20
Let h(u) = -3*u + 104. What is h(34)?
2
Let h(v) = -v**3 + 5*v**2 - v + 2. Calculate h(5).
-3
Let c(o) = -o**3 - 4*o**2 + 3*o - 2. Calculate c(-4).
-14
Let o(s) = -2*s + 62. What is o(26)?
10
Let y(c) = c**3 - 10*c**2 + 12*c - 11. Calculate y(8).
-43
Let n(i) = 40*i - 126. Give n(3).
-6
Let t(b) = b**3 + 18*b**2 - 37*b - 19. Determine t(-20).
-79
Let d(t) = 2*t - 2. Calculate d(12).
22
Let t(a) = -a**3 - 9*a**2 + 6*a + 2. Calculate t(-9).
-52
Let a(y) = y**2 + 43*y + 397. Determine a(-13).
7
Let f(o) = o - 13. Calculate f(20).
7
Let p(d) = -8*d**2 + 135*d + 19. Determine p(17).
2
Let m(i) = -3*i - 36. Give m(-14).
6
Let u(z) = -24*z - 129. Calculate u(-5).
-9
Let k(c) = -c**2 - 5*c + 39. Determine k(-9).
3
Let s(l) = l**3 + 3*l**2 - 3*l + 3. Calculate s(-3).
12
Let g(k) = 20*k - 7. What is g(-3)?
-67
Let r(p) = -2*p**2 - 2*p + 3. Calculate r(1).
-1
Let o(x) = -6*x + 80. Determine o(15).
-10
Let r(v) = v**3 + 33*v**2 + 28*v - 120. Calculate r(-32).
8
Let j(d) = -d**3 - d**2 + 2*d + 2. Give j(-3).
14
Let o(t) = 3*t - 9. What is o(2)?
-3
Let c(l) = l**2 + l + 63. Calculate c(0).
63
Let f(a) = -a**3 + 28*a**2 - 28*a + 17. What is f(27)?
-10
Let m(n) = -4*n + 20. Calculate m(10).
-20
Let l(s) = s**3 - 10*s**2 - 23*s - 13. Calculate l(12).
-1
Let l(w) = -w**2 - w + 15. Determine l(6).
-27
Let j(u) = u**3 + 15*u**2 - 15*u + 22. What is j(-16)?
6
Let l(p) = -5*p**3 - 27*p**2 - 7*p - 2. Give l(-5).
-17
Let v(x) = 3*x + 33. Determine v(-8).
9
Let u(f) = -f**3 + 7*f**2 - 5*f + 14. Calculate u(7).
-21
Let i(p) = 2*p**3 - 35*p**2 + 17*p + 6. Give i(17).
6
Let o(z) = -z**3 - 10*z**2 + 12*z + 25. Determine o(-11).
14
Let v(g) = g**2 - 21*g + 94. Determine v(7).
-4
Let z(k) = 26*k**3 - k**2 - k + 1. Determine z(1).
25
Let p(z) = z + 3. Determine p(-11).
-8
Let q(o) = -o**3 + 15*o**2 - 15*o + 35. Determine q(14).
21
Let q(x) = -16*x - 8. Determine q(-4).
56
Let k(d) = d**3 + 9*d**2 + 15*d + 9. Determine k(-6).
27
Let r(c) = -c**3 + 9*c**2 + 15*c - 49. What is r(10)?
1
Let g(v) = -24*v**2 + 2*v - 1. Determine g(1).
-23
Let f(z) = -z - 173. What is f(0)?
-173
Let r(h) = h**2 + 3*h - 11. What is r(2)?
-1
Let i(g) = -g**3 + 3*g**2 - 1. Determine i(4).
-17
Let l(f) = -30*f - 94. Calculate l(-4).
26
Let t(z) = -3*z - 9. Calculate t(7).
-30
Let i(q) = -q**2 + 5*q - 4. Calculate i(7).
-18
Let j(i) = -i**2 - 8*i - 14. What is j(-6)?
-2
Let w(q) = -6*q + 9. What is w(9)?
-45
Let y(m) = m**3 - 9*m**2 + 14*m - 4. Calculate y(7).
-4
Let w(f) = 2*f**2 - 10*f - 6. Give w(5).
-6
Let c(t) = t**3 - 11*t**2 + 2*t - 3. Give c(11).
19
Let m(v) = -v**2 + 2*v - 8. Calculate m(-4).
-32
Let u(k) = k**2 + 4*k. Determine u(-3).
-3
Let q(y) = -y**3 + 9*y**2 + 14*y - 31. Give q(10).
9
Let w(b) = -b**3 + 2*b**2 + 9. Determine w(4).
-23
Let f(r) = -2*r**3 + 15*r**2 - 9*r + 16. Give f(7).
2
Let v(a) = a**3 + 4*a**2 - 9*a - 31. Give v(-5).
-11
Let m(d) = -d**3 + 4*d**2 - 3*d + 14. Give m(5).
-26
Let x(c) = -c - 6. What is x(-9)?
3
Let t(w) = -8*w + 11. Give t(4).
-21
Let r(f) = 11*f + 94. Calculate r(-5).
39
Let t(s) = 7*s - 32. Calculate t(15).
73
Let h(u) = u**2 - 18*u + 29. What is h(16)?
-3
Let x(b) = 38*b - 47. What is x(4)?
105
Let a(h) = -h**2 + 8*h + 602. Give a(-21).
-7
Let h(p) = p**3 + 11*p**2 + 12*p + 23. Determine h(-10).
3
Let h(z) = -z - 5. What is h(-8)?
3
Let t(x) = -x**2 + 5*x + 3. Give t(4).
7
Let y(d) = -4*d - 16. Determine y(-5).
4
Let n(f) = 2*f - 86. Calculate n(-27).
-140
Let m(s) = -7*s - 72. Determine m(-12).
12
Let m(w) = -w**3 - 21*w**2 + 24*w + 39. Determine m(-22).
-5
Let h(r) = -31*r - 227. Calculate h(-8).
21
Let r(x) = -x**3 - 2*x**2 + 2*x + 7. What is r(-3)?
10
Let z(q) = -q**3 - 39*q**2 - 75*q - 26. Calculate z(-37).
11
Let u(b) = 2*b**3 - b**2 - 4*b + 3. Give u(2).
7
Let n(l) = -4*l**2 - 30*l + 4. Calculate n(-6).
40
Let g(u) = 2*u**2 - 16*u + 18. What is g(8)?
18
Let m(n) = -n**2 - 82*n - 1480. Calculate m(-27).
5
Let x(t) = -7*t - 5. Give x(7).
-54
Let n(l) = -2*l - 8. Determine n(-3).
-2
Let u(q) = q**3 + q**2 - q - 9. Calculate u(0).
-9
Let v(s) = 16*s - 35. Give v(3).
13
Let d(k) = -15*k**2 - 4*k + 2. Give d(1).
-17
Let v(a) = 2*a**2 + 29*a - 25. What is v(-14)?
-39
Let f(g) = -g**3 - 9*g**2 - 10*g. What is f(-7)?
-28
Let u(d) = -2*d - 9. What is u(-5)?
1
Let t(u) = -u**2 - u + 11. Give t(0).
11
Let z(h) = h**2 + 22*h + 3. Calculate z(-25).
78
Let t(i) = 4*i**2 - 5*i - 13. Calculate t(-2).
13
Let t(u) = u**2 - 22*u - 83. Determine t(25).
-8
Let f(h) = -24*h + 7. Give f(0).
7
Let j(g) = 3*g - 61. Give j(15).
-16
Let y(j) = -j**2 + 8*j - 11. Give y(5).
4
Let h(a) = -3*a**2 - a - 7. What is h(0)?
-7
Let w(p) = p**3 - 30*p**2 + 54*p + 65. Determine w(28).
9
Let t(s) = -s**3 + 13*s**2 - 23*s + 14. Calculate t(11).
3
Let l(f) = -f**3 + 4*f + 4. Determine l(4).
-44
Let a(n) = -2*n + 44. What is a(21)?
2
Let v(k) = -k**3 + 5*k**2 - 4*k + 23. Calculate v(5).
3
Let c(z) = z**3 + 43*z**2 + 46*z + 177. What is c(-42)?
9
Let g(q) = -2*q**2 - 8*q + 3. What is g(-6)?
-21
Let k(h) = -h**3 - h**2 + h. Calculate k(0).
0
Let a(r) = 2*r + 7. Give a(-13).
-19
Let d(f) = f**3 + 7*f**2 - 9*f + 10. Determine d(-8).
18
Let r(j) = j**3 + 4*j**2 - 27*j - 116. What is r(-5)?
-6
Let s(n) = -n**3 + 32*n**2 + 4*n - 126. What is s(32)?
2
Let u(s) = s**2 + 25*s + 74. Give u(-22).
8
Let w(y) = 2*y**2 + 9*y + 2. Give w(-6).
20
Let j(c) = -4*c - 72. Determine j(-22).
16
Let c(f) = f**2 + 5*f - 2. What is c(3)?
22
Let a(i) = i**3 - i**2 + 8*i - 7. Give a(0).
-7
Let h(w) = w**3 - 66*w**2 + 127*w + 69. Determine h(64).
5
Let p(m) = 14*m - 9. What is p(4)?
47
Let w(y) = 40*y - 1. Give w(1).
39
Let d(x) = -x**2 - x + 4. What is d(-6)?
-26
Let o(k) = -30*k - 498. Give o(-17).
12
Let u(y) = 3*y**3 - 2*y**2 + 3. Calculate u(2).
19
Let s(w) = -2*w**3 + 18*w**2 + 4*w + 39. Give s(9).
75
Let v(l) = -10*l + 5. Give v(-1).
15
Let a(f) = f**2 - 17*f + 33. Determine a(14).
-9
Let w(a) = 3*a**2 + 10*a. Calculate w(-2).
-8
Let h(y) = -14*y**2 + 34*y - 4. Give h(2).
8
Let c(s) = 5*s + 14. Determine c(5).
39
Let g(x) = -x**2 - 10*x - 2. Determine g(-7).
19
Let h(a) = a**3 + 15*a**2 - 18*a - 10. Calculate h(-16).
22
Let q(t) = 3*t**3 + 3*t**2 + 7*t + 13. Give q(-3).
-62
Let t(l) = 5*l - 3. Determine t(-4).
-23
Let v(x) = 4*x + 22. Give v(-6).
-2
Let r(w) = w**2 + 10*w - 26. Calculate r(-11).
-15
Let o(s) = 6*s + 29. Give o(-6).
-7
Let c(r) = -r**2 + 17*r - 22. What is c(15)?
8
Let b(d) = d - 11. Calculate b(5).
-6
Let x(b) = -2*b**2 - b. Determine x(2).
-10
Let s(d) = -d**3 - 5*d**2 + 13*d - 12. Give s(-7).
-5
Let t(p) = 9*p**3 + 13*p - 14. Calculate t(1).
8
Let f(t) = t**3 + 11*t**2 + 12*t + 7. Calculate f(-10).
-13
Let t(o) = -149*o + 150. What is t(1)?
1
Let t(a) = 7*a - 3. Determine t(-4).
-31
Let a(g) = -3*g - 4. Calculate a(-3).
5
Let u(k) = 5*k - 157. What is u(32)?
3
Let q(o) = -o**3 + 30*o**2 - 62*o + 170. Give q(28).
2
Let t(d) = d**3 - 16*d**2 + 16*d - 20. What is t(15)?
-5
Let g(p) = -34*p - 1. Calculate g(1).
-35
Let z(n) = -n**2 - 28*n - 1. Determine z(-28).
-1
Let o(r) = 5*r + 4. What is o(-6)?
-26
Let q(b) = b**2 + 16*b + 4. What is q(-16)?
4
Let k(i) = -14*i + 18. What is k(2)?
-10
Let m(g) = 7*g - 46. Give m(6).
-4
Let b(x) = -x**3 + 11*x**2 - 11*x + 7. Determine b(10).
-3
Let p(w) = -54*w - 207. Determine p(-4).
9
Let j(u) = -2*u**2 - 8*u + 73. Give j(-9).
-17
Let g(u) = 4*u - 12. Calculate g(8).
20
Let p(w) = -w**2 - 24*w - 26. Calculate p(-27).
-107
Let a(i) = 2*i**3 + 7*i**2 - 7*i - 17. Calculate a(-4).
-5
Let k(r) = r**2 - 11*r - 13. Calculate k(13).
13
Let l(j) = -2*j - 30. What is l(-20)?
10
Let c(d) = 2*d + 13. Give c(12).
37
Let m(x) = x**3 - 10*x**2 + 12*x + 3. What is m(8)?
-29
Let a(g) = 5*g - 62. Calculate a(0).
-62
Let y(i) = -4*i + 10. Calculate y(-11).
54
Let u(j) = j**3 + 10*j**2 + 7*j + 10. Give u(-9).
28
Let p(f) = 5*f + 1. Determine p(4).
21
Let v(p) = -23*p**2 - 2. Calculate v(2).
-94
Let b(u) = -9*u + 218. Give b(24).
2
Let w(r) = -14*r**2. Calculate w(-1).
-14
Let t(g) = -g**3 + 5*g**2 + 7*g + 5. Calculate t(6).
11
Let s(k) = -k + 4. Determine s(0).
4
Let t(m) = 6*m**3 + 2*m - 2. Determine t(1).
6
Let q(c) = -2*c + 12. Determine q(8).
-4
Let z